ivided by 16.
12
Suppose 44*h - 19*h - 325 = 0. Let t(m) = m**3 - 12*m**2 - 13*m + 10. Calculate the remainder when 74/(-2)*(-1 - 0) is divided by t(h).
7
Let r be 5/(15/(-9)) + 120. Calculate the remainder when (-30)/(-80) - r/(-8) is divided by 10.
5
Let y = 17701 - 17683. Suppose 2*i - 124 = 4*h, -2*i = 5*h - 67 - 66. Calculate the remainder when i is divided by y.
10
Let k(c) be the third derivative of c**4/2 - 31*c**3/6 - 26*c**2. Suppose -4*y + 112 = -52. What is the remainder when k(23) is divided by y?
40
Let c(i) = i**3 + 3*i**2 - 81*i - 38. What is the remainder when 3506 is divided by c(8)?
14
Suppose 0 = -279*f + 290*f. Suppose f = -6*r + 8*r + 4*z - 336, 0 = 4*r - 3*z - 617. What is the remainder when r is divided by 7?
4
Suppose 5*z - k + 37 = -48, 4*k + 110 = -5*z. Let w = z - -19. What is the remainder when (-64 - 4)*(-1)/w is divided by 14?
12
Suppose 3*g = -2*d + 1280, 134*g - 131*g - 1929 = -3*d. What is the remainder when d is divided by 117?
64
Let d = -11282 + 11389. Calculate the remainder when 1083 is divided by d.
13
Suppose 0 = -5*n + 7 + 3. Suppose n*t - 3*v - 69 = 0, -v = 4*t - 32 - 85. What is the remainder when t is divided by 6?
0
Suppose 640 = 3*s - 4*b, 4*s + 18*b = 14*b + 816. Calculate the remainder when s is divided by 55.
43
Let t(f) = -f**3 - 55*f**2 - 44*f + 624. Calculate the remainder when t(-54) is divided by 11.
7
Suppose t + 4*f = 43, 8 = f + 3*f. Suppose -2*h + t = 2*y + h, -3*h - 61 = -4*y. Calculate the remainder when y is divided by (3 - (7 + -5)) + (-1 - -6).
4
Suppose -7*m - 48 = 148. Calculate the remainder when 108 is divided by 1 - 35*(m/(-20) + -2).
20
Suppose 19 = 5*t - 3*b, 2*b = 2 + 2. Suppose 12*u - 35 = t*u. Suppose a = -5*r + 60, 0 = u*r + 2*a - 5*a - 40. What is the remainder when 76 is divided by r?
10
Let x = 65 + -25. Suppose 0 = v - 38 + x. What is the remainder when (-1*298)/(-1)*v/(-4) is divided by 38?
35
Suppose g + 1 = -0*g, s + 4 = -5*g. Suppose -4*q = -22 + 10. Suppose -17 = -5*l + q*n, 3*l + 2*n + n = -9. What is the remainder when l is divided by s?
0
Let g = 139 + -426. Let q = g - -408. Suppose -5*n = -4*b + 429, 2*b - 3*b + q = -4*n. Calculate the remainder when b is divided by 21.
17
Let v(g) = -165*g + 13. Calculate the remainder when 133 is divided by v(0).
3
Let j = -67 - 15. Let d = j - -86. Let g(y) = -y**3 + 4*y**2 + 2*y + 5. Calculate the remainder when 36 is divided by g(d).
10
Let l = -14345 + 14351. What is the remainder when 705 is divided by l?
3
Suppose 0 = 4*u - 38 - 6. Suppose -114 = 5*w - u*w. Let r = -42 - -53. What is the remainder when w is divided by r?
8
Let a(t) = -34*t - 36. Let x(j) = 3*j**2 - 21*j - 9. Let g be x(7). Let l be a(g). Suppose -3*r - 2*r + l = 0. What is the remainder when r is divided by 8?
6
Let f be (-6)/18 - (-91)/21. Let w(a) = a + 70. What is the remainder when w(f) is divided by 25?
24
Let w(a) = 2*a + 7. What is the remainder when w(7) is divided by (-88)/52*(-390)/60?
10
Suppose -4*p + b + 1999 = 0, -69*p = -65*p - 3*b - 2013. Calculate the remainder when p is divided by 10.
8
Suppose l + r = 51 + 93, -3*l = -4*r - 397. Let d = -132 + l. Calculate the remainder when d is divided by 3.
1
Let k(i) = -i**3 - 7*i**2 - 5*i - 3. Let z be k(-4). Let j = 249 - 256. Let m = j - z. Calculate the remainder when 92 is divided by m.
20
Suppose 0 = -240*c - 5059 + 22099. Suppose -2*z = -5*z + 1701. Calculate the remainder when z is divided by c.
70
Let l(h) be the first derivative of -5*h**2/2 + 30*h - 2. Let w be (-15 + 11 + 4)/(-2*1). Calculate the remainder when 119 is divided by l(w).
29
Let v(y) = 7*y - 3 - 107 - y + 5. Calculate the remainder when v(20) is divided by 11.
4
Let g = 107 - 95. Suppose -o - 7 = -k + 5, 2*o = -k + g. Calculate the remainder when 42 is divided by k.
6
Let q = -331 + 104. Let b = 234 + q. Suppose x + 2*x = 207. Calculate the remainder when x is divided by b.
6
Suppose -5*x + 120 = x. Suppose 2*k = -6 + 58. Suppose -2*l + x = -k. What is the remainder when 45 is divided by l?
22
Suppose -9*h + 2*t - 1382 = -13*h, -h = -2*t - 328. What is the remainder when 721 is divided by h?
37
Suppose 3*q = -2*q + 20, 3*n = 2*q + 34. Suppose 7*a + 5 = 369. Suppose 0*y - a = -2*y. Calculate the remainder when y is divided by n.
12
Suppose 3*r + 11*r = 30268. Suppose -1446 = -44*z + r. What is the remainder when z is divided by 7?
5
Suppose 0 = 15*o - 381 - 1704. What is the remainder when 2360 is divided by o?
136
Let o = 20 + 44. Let w = o - 29. What is the remainder when 44 is divided by (3 + 4)*120/w?
20
Let s = -68 + 93. Suppose -s*n = -29*n + 84. Calculate the remainder when 130 is divided by n.
4
Suppose -205*j = 196*j + 121*j - 6786. Let z = -1517 - -2139. What is the remainder when z is divided by j?
11
Calculate the remainder when 4346 is divided by (-886104)/(-5952) - 18/(-16).
146
Suppose 5*s = 3*o - 7*o + 1636, 0 = -o + 5*s + 434. Let r = -400 + o. Calculate the remainder when 125 is divided by r.
13
Calculate the remainder when (-14170)/(-104) + 1/(-4) is divided by 53.
30
Let h(x) = 2*x**2 + 63*x + 316. What is the remainder when 123 is divided by h(-28)?
3
Let n = -1776 - -1836. What is the remainder when 95 is divided by n?
35
Let o = 15677 + -15563. Suppose -y = -q - 19, 3*y - 53 = -q + 24. Calculate the remainder when o is divided by y.
18
Let g = -939 - -616. Let c be ((-1 - g) + 3)/(-1). Calculate the remainder when (c/75)/((-2)/(-30)*-1) is divided by 17.
14
Suppose -d - 2*z = -5, -z - 4 = -3*d + 4*z. Suppose -13*v + 11*v - 5*r + 53 = 0, -d*v + 89 = -2*r. What is the remainder when v is divided by 15?
14
Suppose 3*i - 765 = -3*x, 5*i - 761 = -5*x + 2*x. Let c = -197 + x. What is the remainder when c is divided by 21?
18
Let d(c) = -c**3 - 10*c**2 - 2*c - 15. Let l(r) = r**3 + 4*r**2 + 10*r + 11. Let k be l(-3). Calculate the remainder when 23 is divided by d(k).
3
Suppose -100 = -2*i - 6*l, -9*l + 8*l + 48 = i. Calculate the remainder when i is divided by ((-6)/(-7))/((-1)/(-7)).
5
Suppose -2*v = -r + 17, 5*v + 7 = -4*r + 36. Suppose -r*l = -12*l + 57. Let x = -283 - -312. What is the remainder when l is divided by x?
28
Let u(s) = 3*s**2 + 73*s + 60. What is the remainder when u(-28) is divided by 150?
68
Let p(d) = -189*d - 3497. Calculate the remainder when p(-26) is divided by 11.
9
Let p = 3576 - 3325. What is the remainder when p is divided by 52?
43
What is the remainder when 265 is divided by ((-40)/44)/(45/(-2970))?
25
Let v = 719 + -482. What is the remainder when v is divided by 2 + (25 - -3)/2?
13
Let i(k) = k**3 - 3*k**2 + 10*k - 16. Suppose -z + 40 - 36 = 0. Let o be i(z). Suppose -o = -4*l - l. Calculate the remainder when 29 is divided by l.
5
Let i(b) = -b**3 - 4*b**2 + 527*b - 27. Suppose 2*g + 0*g = 4*s - 224, 279 = 5*s - 3*g. Calculate the remainder when s is divided by i(21).
12
Suppose z - 19 = 5*n + 5, -z = 5*n + 16. Suppose -2*h - c + 275 = 83, 0 = 3*h - z*c - 310. What is the remainder when h is divided by 25?
23
What is the remainder when 1021 is divided by (-20)/75*20*-12?
61
Suppose -745*n - 6313 = -751*n - 1909. What is the remainder when n is divided by 345?
44
Suppose -543 = -2*f + r, 6*r - 9*r - 1081 = -4*f. Calculate the remainder when f is divided by 49.
29
Let v = 127 + -48. Suppose -57 = -q - 3*n - 16, 4*q - 164 = n. What is the remainder when v is divided by q?
38
Let o be (-4)/(((-284)/(-48))/(-1) - -6). Let q(b) = 9*b + 454. Calculate the remainder when 174 is divided by q(o).
20
Let s = -405 - -405. Suppose s = 2*g + 26 - 38. What is the remainder when g is divided by ((-1)/(-2))/(2/12)?
0
Suppose -3*o = 0, 3*p - 5*o - 73 - 95 = 0. What is the remainder when 615 is divided by p?
55
Suppose 5*i - h = 81979, 16421 = i - 82*h + 86*h. What is the remainder when i is divided by 41?
38
Let d(c) = c**3 - 11*c**2 - 10*c - 16. Let w(k) = k + 1. Let y(u) = -19*u + 82. Let s(l) = 3*w(l) - y(l). Calculate the remainder when s(5) is divided by d(12).
7
Calculate the remainder when (17/(408/8340))/(2/4) is divided by 29.
28
Calculate the remainder when 1323 is divided by 3970/9 - (-4)/(-504)*14.
0
Let i(a) = 167*a**2 + 19 - a**3 + 8*a - 167*a**2. Let l be i(8). Let u = -236 - l. Calculate the remainder when u is divided by 39.
37
Suppose -5*i + 5*y + 40 = y, 19 = i -